{"id":2,"date":"2008-04-11T19:08:56","date_gmt":"2008-04-11T17:08:56","guid":{"rendered":""},"modified":"2026-04-03T17:23:25","modified_gmt":"2026-04-03T15:23:25","slug":"a-propos-de-l-auteur","status":"publish","type":"page","link":"https:\/\/www.sautcreatif.com\/poetc\/a-propos-de-l-auteur\/","title":{"rendered":"P.BIO-AMNESIE"},"content":{"rendered":"<p>M\u00eame si je vis d&#8217;\u00e9criture plus ou moins cr\u00e9ative depuis de nombreuses ann\u00e9es, je n&#8217;ai jamais rien publi\u00e9\u00a0 \u00e0 titre personnel, que les \u00e9crits diss\u00e9min\u00e9s dans ce blog, appel\u00e9 \u00e0 l&#8217;origine par d\u00e9rision envers l&#8217;horizon digital et les transhumanistes de tout poil,<strong>\u00a0&#8220;Le<\/strong>\u00a0<strong>grand disque mou interne&#8221;<\/strong>.<\/p>\n<p>Les amateurs du genre\u00a0<em>realistic fiction <\/em>peuvent trouver \u00e9galement mes nouvelles regroup\u00e9es dans <a href=\"https:\/\/www.amazon.fr\/s\/ref=dp_byline_sr_book_1?ie=UTF8&amp;text=Eric+PICHELINGAT&amp;search-alias=books-fr&amp;field-author=Eric+PICHELINGAT&amp;sort=relevancerank\" target=\"_blank\" rel=\"noopener\">deux recueils auto-\u00e9dit\u00e9s sur Amazon<\/a> en octobre 2017. Mais rien ne vous oblige \u00e0 les acheter ! Vous pouvez aussi lire gratuitement l&#8217;int\u00e9gralit\u00e9 des textes\u00a0 sur le site, laisser vos commentaires et partager avec qui bon ou mauvais vous semble&#8230;<\/p>\n<p>Eric PICHELINGAT<\/p>\n","protected":false},"excerpt":{"rendered":"<p>M\u00eame si je vis d&#8217;\u00e9criture plus ou moins cr\u00e9ative depuis de nombreuses ann\u00e9es, je n&#8217;ai jamais rien publi\u00e9\u00a0 \u00e0 titre personnel, que les \u00e9crits diss\u00e9min\u00e9s dans ce blog, appel\u00e9 \u00e0 l&#8217;origine par d\u00e9rision envers l&#8217;horizon digital et les transhumanistes de tout poil,\u00a0&#8220;Le\u00a0grand disque mou interne&#8221;. Les amateurs du genre\u00a0realistic fiction peuvent trouver \u00e9galement mes nouvelles &hellip; <\/p>\n<p class=\"link-more\"><a href=\"https:\/\/www.sautcreatif.com\/poetc\/a-propos-de-l-auteur\/\" class=\"more-link\">Continuer la lecture<span class=\"screen-reader-text\"> de &laquo;&nbsp;P.BIO-AMNESIE&nbsp;&raquo;<\/span><\/a><\/p>\n","protected":false},"author":1,"featured_media":0,"parent":0,"menu_order":0,"comment_status":"open","ping_status":"closed","template":"","meta":{"footnotes":""},"class_list":["post-2","page","type-page","status-publish","hentry"],"yoast_head":"<!-- This site is optimized with the Yoast SEO plugin v27.5 - https:\/\/yoast.com\/product\/yoast-seo-wordpress\/ -->\n<title>P.BIO-AMNESIE - Rien de bombes qui vaille<\/title>\n<meta name=\"robots\" content=\"index, follow, max-snippet:-1, max-image-preview:large, max-video-preview:-1\" \/>\n<link rel=\"canonical\" href=\"https:\/\/www.sautcreatif.com\/poetc\/a-propos-de-l-auteur\/\" \/>\n<meta property=\"og:locale\" content=\"fr_FR\" \/>\n<meta property=\"og:type\" content=\"article\" \/>\n<meta property=\"og:title\" content=\"P.BIO-AMNESIE - Rien de bombes qui vaille\" \/>\n<meta property=\"og:description\" content=\"M\u00eame si je vis d&#8217;\u00e9criture plus ou moins cr\u00e9ative depuis de nombreuses ann\u00e9es, je n&#8217;ai jamais rien publi\u00e9\u00a0 \u00e0 titre personnel, que les \u00e9crits diss\u00e9min\u00e9s dans ce blog, appel\u00e9 \u00e0 l&#8217;origine par d\u00e9rision envers l&#8217;horizon digital et les transhumanistes de tout poil,\u00a0&#8220;Le\u00a0grand disque mou interne&#8221;. Les amateurs du genre\u00a0realistic fiction peuvent trouver \u00e9galement mes nouvelles &hellip; Continuer la lecture de &laquo;&nbsp;P.BIO-AMNESIE&nbsp;&raquo;\" \/>\n<meta property=\"og:url\" content=\"https:\/\/www.sautcreatif.com\/poetc\/a-propos-de-l-auteur\/\" \/>\n<meta property=\"og:site_name\" content=\"Rien de bombes qui vaille\" \/>\n<meta property=\"article:modified_time\" content=\"2026-04-03T15:23:25+00:00\" \/>\n<meta name=\"twitter:card\" content=\"summary_large_image\" \/>\n<meta name=\"twitter:label1\" content=\"Dur\u00e9e de lecture estim\u00e9e\" \/>\n\t<meta name=\"twitter:data1\" content=\"1 minute\" \/>\n<script type=\"application\/ld+json\" class=\"yoast-schema-graph\">{\"@context\":\"https:\\\/\\\/schema.org\",\"@graph\":[{\"@type\":\"WebPage\",\"@id\":\"https:\\\/\\\/www.sautcreatif.com\\\/poetc\\\/a-propos-de-l-auteur\\\/\",\"url\":\"https:\\\/\\\/www.sautcreatif.com\\\/poetc\\\/a-propos-de-l-auteur\\\/\",\"name\":\"P.BIO-AMNESIE - Rien de bombes qui vaille\",\"isPartOf\":{\"@id\":\"https:\\\/\\\/www.sautcreatif.com\\\/poetc\\\/#website\"},\"datePublished\":\"2008-04-11T17:08:56+00:00\",\"dateModified\":\"2026-04-03T15:23:25+00:00\",\"breadcrumb\":{\"@id\":\"https:\\\/\\\/www.sautcreatif.com\\\/poetc\\\/a-propos-de-l-auteur\\\/#breadcrumb\"},\"inLanguage\":\"fr-FR\",\"potentialAction\":[{\"@type\":\"ReadAction\",\"target\":[\"https:\\\/\\\/www.sautcreatif.com\\\/poetc\\\/a-propos-de-l-auteur\\\/\"]}]},{\"@type\":\"BreadcrumbList\",\"@id\":\"https:\\\/\\\/www.sautcreatif.com\\\/poetc\\\/a-propos-de-l-auteur\\\/#breadcrumb\",\"itemListElement\":[{\"@type\":\"ListItem\",\"position\":1,\"name\":\"Accueil\",\"item\":\"https:\\\/\\\/www.sautcreatif.com\\\/poetc\\\/\"},{\"@type\":\"ListItem\",\"position\":2,\"name\":\"P.BIO-AMNESIE\"}]},{\"@type\":\"WebSite\",\"@id\":\"https:\\\/\\\/www.sautcreatif.com\\\/poetc\\\/#website\",\"url\":\"https:\\\/\\\/www.sautcreatif.com\\\/poetc\\\/\",\"name\":\"Rien de bombes qui vaille\",\"description\":\"\",\"publisher\":{\"@id\":\"https:\\\/\\\/www.sautcreatif.com\\\/poetc\\\/#organization\"},\"potentialAction\":[{\"@type\":\"SearchAction\",\"target\":{\"@type\":\"EntryPoint\",\"urlTemplate\":\"https:\\\/\\\/www.sautcreatif.com\\\/poetc\\\/?s={search_term_string}\"},\"query-input\":{\"@type\":\"PropertyValueSpecification\",\"valueRequired\":true,\"valueName\":\"search_term_string\"}}],\"inLanguage\":\"fr-FR\"},{\"@type\":\"Organization\",\"@id\":\"https:\\\/\\\/www.sautcreatif.com\\\/poetc\\\/#organization\",\"name\":\"Rien de bombes qui vaille\",\"url\":\"https:\\\/\\\/www.sautcreatif.com\\\/poetc\\\/\",\"logo\":{\"@type\":\"ImageObject\",\"inLanguage\":\"fr-FR\",\"@id\":\"https:\\\/\\\/www.sautcreatif.com\\\/poetc\\\/#\\\/schema\\\/logo\\\/image\\\/\",\"url\":\"https:\\\/\\\/www.sautcreatif.com\\\/poetc\\\/wp-content\\\/uploads\\\/2026\\\/04\\\/cropped-corv-poetc-art-white-512x512-1.png\",\"contentUrl\":\"https:\\\/\\\/www.sautcreatif.com\\\/poetc\\\/wp-content\\\/uploads\\\/2026\\\/04\\\/cropped-corv-poetc-art-white-512x512-1.png\",\"width\":512,\"height\":512,\"caption\":\"Rien de bombes qui vaille\"},\"image\":{\"@id\":\"https:\\\/\\\/www.sautcreatif.com\\\/poetc\\\/#\\\/schema\\\/logo\\\/image\\\/\"}}]}<\/script>\n<!-- \/ Yoast SEO plugin. -->","yoast_head_json":{"title":"P.BIO-AMNESIE - Rien de bombes qui vaille","robots":{"index":"index","follow":"follow","max-snippet":"max-snippet:-1","max-image-preview":"max-image-preview:large","max-video-preview":"max-video-preview:-1"},"canonical":"https:\/\/www.sautcreatif.com\/poetc\/a-propos-de-l-auteur\/","og_locale":"fr_FR","og_type":"article","og_title":"P.BIO-AMNESIE - Rien de bombes qui vaille","og_description":"M\u00eame si je vis d&#8217;\u00e9criture plus ou moins cr\u00e9ative depuis de nombreuses ann\u00e9es, je n&#8217;ai jamais rien publi\u00e9\u00a0 \u00e0 titre personnel, que les \u00e9crits diss\u00e9min\u00e9s dans ce blog, appel\u00e9 \u00e0 l&#8217;origine par d\u00e9rision envers l&#8217;horizon digital et les transhumanistes de tout poil,\u00a0&#8220;Le\u00a0grand disque mou interne&#8221;. Les amateurs du genre\u00a0realistic fiction peuvent trouver \u00e9galement mes nouvelles &hellip; Continuer la lecture de &laquo;&nbsp;P.BIO-AMNESIE&nbsp;&raquo;","og_url":"https:\/\/www.sautcreatif.com\/poetc\/a-propos-de-l-auteur\/","og_site_name":"Rien de bombes qui vaille","article_modified_time":"2026-04-03T15:23:25+00:00","twitter_card":"summary_large_image","twitter_misc":{"Dur\u00e9e de lecture estim\u00e9e":"1 minute"},"schema":{"@context":"https:\/\/schema.org","@graph":[{"@type":"WebPage","@id":"https:\/\/www.sautcreatif.com\/poetc\/a-propos-de-l-auteur\/","url":"https:\/\/www.sautcreatif.com\/poetc\/a-propos-de-l-auteur\/","name":"P.BIO-AMNESIE - Rien de bombes qui vaille","isPartOf":{"@id":"https:\/\/www.sautcreatif.com\/poetc\/#website"},"datePublished":"2008-04-11T17:08:56+00:00","dateModified":"2026-04-03T15:23:25+00:00","breadcrumb":{"@id":"https:\/\/www.sautcreatif.com\/poetc\/a-propos-de-l-auteur\/#breadcrumb"},"inLanguage":"fr-FR","potentialAction":[{"@type":"ReadAction","target":["https:\/\/www.sautcreatif.com\/poetc\/a-propos-de-l-auteur\/"]}]},{"@type":"BreadcrumbList","@id":"https:\/\/www.sautcreatif.com\/poetc\/a-propos-de-l-auteur\/#breadcrumb","itemListElement":[{"@type":"ListItem","position":1,"name":"Accueil","item":"https:\/\/www.sautcreatif.com\/poetc\/"},{"@type":"ListItem","position":2,"name":"P.BIO-AMNESIE"}]},{"@type":"WebSite","@id":"https:\/\/www.sautcreatif.com\/poetc\/#website","url":"https:\/\/www.sautcreatif.com\/poetc\/","name":"Rien de bombes qui vaille","description":"","publisher":{"@id":"https:\/\/www.sautcreatif.com\/poetc\/#organization"},"potentialAction":[{"@type":"SearchAction","target":{"@type":"EntryPoint","urlTemplate":"https:\/\/www.sautcreatif.com\/poetc\/?s={search_term_string}"},"query-input":{"@type":"PropertyValueSpecification","valueRequired":true,"valueName":"search_term_string"}}],"inLanguage":"fr-FR"},{"@type":"Organization","@id":"https:\/\/www.sautcreatif.com\/poetc\/#organization","name":"Rien de bombes qui vaille","url":"https:\/\/www.sautcreatif.com\/poetc\/","logo":{"@type":"ImageObject","inLanguage":"fr-FR","@id":"https:\/\/www.sautcreatif.com\/poetc\/#\/schema\/logo\/image\/","url":"https:\/\/www.sautcreatif.com\/poetc\/wp-content\/uploads\/2026\/04\/cropped-corv-poetc-art-white-512x512-1.png","contentUrl":"https:\/\/www.sautcreatif.com\/poetc\/wp-content\/uploads\/2026\/04\/cropped-corv-poetc-art-white-512x512-1.png","width":512,"height":512,"caption":"Rien de bombes qui vaille"},"image":{"@id":"https:\/\/www.sautcreatif.com\/poetc\/#\/schema\/logo\/image\/"}}]}},"_links":{"self":[{"href":"https:\/\/www.sautcreatif.com\/poetc\/wp-json\/wp\/v2\/pages\/2","targetHints":{"allow":["GET"]}}],"collection":[{"href":"https:\/\/www.sautcreatif.com\/poetc\/wp-json\/wp\/v2\/pages"}],"about":[{"href":"https:\/\/www.sautcreatif.com\/poetc\/wp-json\/wp\/v2\/types\/page"}],"author":[{"embeddable":true,"href":"https:\/\/www.sautcreatif.com\/poetc\/wp-json\/wp\/v2\/users\/1"}],"replies":[{"embeddable":true,"href":"https:\/\/www.sautcreatif.com\/poetc\/wp-json\/wp\/v2\/comments?post=2"}],"version-history":[{"count":23,"href":"https:\/\/www.sautcreatif.com\/poetc\/wp-json\/wp\/v2\/pages\/2\/revisions"}],"predecessor-version":[{"id":6290,"href":"https:\/\/www.sautcreatif.com\/poetc\/wp-json\/wp\/v2\/pages\/2\/revisions\/6290"}],"wp:attachment":[{"href":"https:\/\/www.sautcreatif.com\/poetc\/wp-json\/wp\/v2\/media?parent=2"}],"curies":[{"name":"wp","href":"https:\/\/api.w.org\/{rel}","templated":true}]}}